t derivative of h(d). List the prime factors of b(-2).
61
List the prime factors of (-69823)/2*2*(-2)/20*10.
13, 41, 131
Let u = -63 + 66. Let d be (7 + 242/6)*u/2. Suppose -9*j - d + 278 = 0. What are the prime factors of j?
23
Let m = -4623 + 12953. List the prime factors of m.
2, 5, 7, 17
Suppose 2*y + 10 = 0, 4*c - 7*y + 5*y - 23722 = 0. What are the prime factors of c?
2, 3, 13, 19
Let g(m) = -m**3 - 7*m**2 - 13*m - 43. Let t be g(-7). Suppose 0 = -52*r + t*r + 4284. List the prime factors of r.
3, 7, 17
Let m = -51 + 68. Suppose -n + 5 = 2*j, 3*n + 0*n = 2*j - m. Suppose -2*a + 245 - 73 = j*z, -178 = -2*a + 2*z. List the prime factors of a.
2, 11
Suppose 2*o - 288 = -56. Let u be 79 + ((-45)/15 - -6). Suppose 5*q + 2*s = o, 0*q + u = 4*q - 2*s. What are the prime factors of q?
2, 11
Suppose -5*o - 13 = -v - 0*v, -4*o - 8 = -2*v. Let h = o - 1. List the prime factors of (47/4)/(2*h/(-96)).
3, 47
Let g(c) = 2*c**2 + 74*c - 988. What are the prime factors of g(29)?
2, 5, 71
Let p = -181 - -95. Let l = p + 139. Suppose c - l = 91. List the prime factors of c.
2, 3
Let q be ((-1100)/12 - -7)*-24. Suppose t = 2*i + 504, -5*t + q = -t - 4*i. What are the prime factors of t?
2
Let y(w) = -39*w + 41. Let h be -6 - 1 - (3 + -1). What are the prime factors of y(h)?
2, 7
Let l(z) = -8*z + 14 + z + 2*z**2 - 4. Let r be l(3). Suppose -24 = 5*a - r*a. What are the prime factors of a?
2, 3
Let s(n) = n**3 - 3*n**2 - 10*n + 2. Suppose -5*j + 5*h - 4*h + 23 = 0, 2*j + h - 12 = 0. Let f be s(j). What are the prime factors of f - (-2*1 + -10 + -36)?
2, 5
Let l = 40 + -40. Suppose l = 5*j + 6*j - 2*j. Suppose -3*b + j*b = -243. List the prime factors of b.
3
Suppose 260580 = 5*k - 2*c, -173155 - 87405 = -5*k + 6*c. What are the prime factors of k?
2, 11, 23, 103
What are the prime factors of (-167115)/(-21) + (0 + 1)*1/7?
2, 23, 173
Let k be ((-69)/46)/(3/(-824)). Let p = k - 285. What are the prime factors of p?
127
Suppose b - 18 = -3*b + 2*r, -b = -4*r - 15. Suppose 3 = -3*m, -b*i + 6*m - m = -497. Suppose -8*j - i = -10*j. List the prime factors of j.
2, 41
Suppose 2373 + 609 = -6*u. Let s = u + 670. List the prime factors of s.
173
Let k(q) = q**3 + 4*q**2 - 2*q - 5. Let z be k(-3). Suppose 2*m = -0 + z. Suppose m*j = -2*p + p + 129, 3*p - 404 = 2*j. What are the prime factors of p?
2, 67
Suppose -1905 = -5*w + j, 5*w - 5*j - 3130 = -1205. Let o = -159 + w. What are the prime factors of o?
13, 17
Let x(u) = 538*u - 490. What are the prime factors of x(8)?
2, 1907
Let l = -61 + 38. Let a(r) = r**3 + 23*r**2 - 13*r + 57. What are the prime factors of a(l)?
2, 89
Let i(p) be the second derivative of 19*p**3/6 + 3*p**2/2 - 3*p. Let g be i(-1). Let w(z) = z**2 + 11*z - 7. List the prime factors of w(g).
73
Let j(d) = 49*d**2 + 12*d - 31. Let a be j(6). Suppose 6*m - a = 931. What are the prime factors of m?
2, 3, 19
Let v = 14578 - 10333. What are the prime factors of v?
3, 5, 283
Let q = -709 - -329. Let b = q - -1299. What are the prime factors of b?
919
Let z(c) = 8*c + 73. Let i be z(-6). Suppose 3255 = i*q - 10*q. List the prime factors of q.
7, 31
Let d(u) = -11*u - 136. Let b(z) = 12*z + 138. Let s(f) = -4*b(f) - 5*d(f). List the prime factors of s(-14).
2, 3, 5
Let y(r) = -11*r**3 + 4*r**2 + 1. Let l(g) = -g**3 + 5*g**2 + 6*g + 2. Let w be l(6). Let q be y(w). Let m = -43 - q. List the prime factors of m.
2, 7
Suppose -22*b + 32980 = -b + 388. What are the prime factors of b?
2, 97
Suppose 4*h = -m - 10 + 29, 17 = -m + 5*h. Suppose m*f + 2*z - 223 = 0, -2*f + 66 = -2*z - 96. Let u = f + -38. List the prime factors of u.
3, 13
Let c = -5370 - -14869. What are the prime factors of c?
7, 23, 59
Let l = -139 + 141. Suppose -l*t + 13*h - 14*h + 139 = 0, -4*h + 142 = 2*t. List the prime factors of t.
3, 23
Suppose 51*v = 50*v + 3. Suppose -5*g - 15 = 0, -4*f - v*g + 0*g + 1455 = 0. List the prime factors of f.
2, 3, 61
Suppose 16 = 5*s + 2*v - 4*v, 3*v = -5*s + 1. Let i be (-18)/(-15)*(-940)/(-6). Suppose -s*t - t = -5*z - i, 5*z + 259 = 4*t. What are the prime factors of t?
71
Let q(h) = 28*h**3 + 3*h**2 - 68*h - 22. List the prime factors of q(7).
19, 487
Suppose -715*f = -632*f - 3339339. What are the prime factors of f?
3, 13411
Let c = 62 - -197. Suppose n - 108 - c = 0. What are the prime factors of n?
367
Let j(h) = 58*h**3 - 3*h**2 + h - 7. Let k be j(3). Suppose -207 = 8*t - k. What are the prime factors of t?
2, 83
Let t(l) = -l**3 + 21*l**2 + l - 15. Let p be t(21). Suppose -5*j - p = -3*x + 57, -x - 2*j = -32. List the prime factors of x.
2, 13
What are the prime factors of (805/7)/23 - (0 - 2100)?
5, 421
Let a(s) be the third derivative of -71*s**4/24 - 11*s**3 + 3*s**2 + 55*s. What are the prime factors of a(-6)?
2, 3, 5
Let x = -111 + 108. Let s be (42/(-12))/(x/(-294)). Let i = -122 - s. List the prime factors of i.
13, 17
Let c = -231 + 235. What are the prime factors of -3*-3*c/36*19?
19
Let l be (-1)/(2/(-8)) - (25 + 141). Let g be (-84)/(-10)*(-7 - l). Suppose g = 9*c + 123. List the prime factors of c.
131
Suppose 0 = 46*m - 1368855 - 29913. List the prime factors of m.
2, 3, 7, 181
Let x(k) = -k + 8. Let z be x(9). What are the prime factors of 1521/5 - (2/(-10))/z?
2, 19
Suppose -62*v + 102*v - 853360 = 0. What are the prime factors of v?
2, 10667
Suppose 32138 = y + 4*n, 754*n = y + 749*n - 32156. List the prime factors of y.
2, 16073
Suppose -156 = 8*m - 21*m. Suppose 28*l + m = 31*l. Suppose 4*r - 2*z + 5*z - 429 = 0, -l*r - z + 423 = 0. What are the prime factors of r?
3, 5, 7
Suppose 0 = 66*i + 1216907 - 4560203. List the prime factors of i.
2, 1583
Let s be (1*-12)/(-2) - 0. Suppose -184 = -10*f + s*f. Suppose 2*m = 326 + f. List the prime factors of m.
2, 3, 31
Let m(t) = 198*t**3 + 2 + 21*t**2 + 197*t**3 - 394*t**3 + 31*t. What are the prime factors of m(-7)?
3, 157
Let v(s) = 2*s**2 - 5*s - 13. Let i be ((-10)/(-12) + 1/(-3))*-26. Let x be v(i). Let f = -264 + x. List the prime factors of f.
2, 3, 7
Suppose 101*g - 817510 = 22*g + 21*g. What are the prime factors of g?
5, 2819
Suppose 24*v - 26*v + 2144 = 5*r, 5*r - 2150 = -5*v. Suppose -3*a = 215 - r. What are the prime factors of a?
71
Let q(u) = -5*u**2 - 4*u + 17. Let o be q(4). Let r = o - -104. List the prime factors of r.
5
Suppose -3*t + 5*z - 63 = 0, 4*t + 89 = -0*t + 5*z. Let f = t - -28. Suppose -d = 4*c - 63, -43 = f*d - 5*c - 195. List the prime factors of d.
71
Let i(a) = -57*a**2 - 2*a + 2. Let z(u) = -u**2 + 1. Let f(l) = -i(l) - z(l). Let c be (9 + -2 - 9)/(-2). List the prime factors of f(c).
3, 19
Let b(z) = 3*z + 155. Let a be b(-8). Let v = a + 149. List the prime factors of v.
2, 5, 7
Let b(n) = -n**2 - 16*n - 32. Let t be b(-13). Suppose -11*o = t*o - 2304. What are the prime factors of o?
2
Let m(n) = -17*n**3 - 182*n**2 - 20*n - 14. List the prime factors of m(-13).
3, 43, 53
Suppose 7 = -3*h - 4*g, 0 = -2*h - 0*g - g + 2. Suppose 8*d - 4*d = -3*r - 2, 4*r = h*d + 14. Suppose r*u - u - 44 = 0. What are the prime factors of u?
2, 11
Let u be (-6 - -4 - (-3188)/(-10))*5. Let z = 2606 + u. What are the prime factors of z?
2, 3, 167
Let f = -482 - -487. Suppose -f*l + 9859 - 2489 = 0. List the prime factors of l.
2, 11, 67
Let j(n) = 107*n + 98. Let z be j(26). Suppose 2*t - v = 1149, 5*t = 4*v - 3*v + z. What are the prime factors of t?
577
Let m = 4883 - -4904. List the prime factors of m.
9787
Suppose 6509*i - 6507*i - 25428 = 0. List the prime factors of i.
2, 3, 13, 163
Suppose -1872143 = -148*j - 622875. List the prime factors of j.
23, 367
Let d(o) be the second derivative of 3*o**5/20 - o**4/6 - o**3 + 3*o**2 + 8*o + 6. Suppose -3*c + c = n - 9, 4*c - 3*n - 3 = 0. List the prime factors of d(c).
3, 17
Let o be ((-39)/(-9) - 5)*(-18)/4. Suppose 72 = o*n - 33. Let x = 5 + n. List the prime factors of x.
2, 5
Let w be ((-126)/(-12))/(1 + (-3)/6). Suppose -5*q - 23 = -6*q. Suppose q*i - w = 20*i. What are the prime factors of i?
7
Let i be ((-36)/48)/((-2)/16). Suppose -i*x - 6 = -7*x. Let q(p) = -p**3 + 8*p**2 - 8*p + 7. List the prime factors of q(x).
31
What are the prime factors of -145954*1/(-6) - 2/3?
5, 7, 139
Let m be (0 + 8/(-32))*-12. Let o = -408 - -643. Suppose -3*d = m*k - 132, 5*k - d + 3*d - o = 0. List the prime factors of k.
7
S